{"id":44645,"date":"2025-01-24T09:25:07","date_gmt":"2025-01-24T09:25:07","guid":{"rendered":"https:\/\/bikecat.com\/mallorca-cycling-tour"},"modified":"2025-11-11T13:41:19","modified_gmt":"2025-11-11T13:41:19","slug":"mallorca-cycling-tour","status":"publish","type":"page","link":"https:\/\/bikecat.com\/es\/mallorca-cycling-tour","title":{"rendered":"Mallorca Cycling Tour"},"content":{"rendered":"<div class=\"wpb-content-wrapper\"><p>[vc_row][vc_column][rev_slider_vc alias=\u00bbmallorca\u00bb][\/vc_column][\/vc_row][vc_row css=\u00bb.vc_custom_1544101512496{margin-top: 30px !important;}\u00bb][vc_column][\/vc_column][\/vc_row][vc_row css=\u00bb.vc_custom_1544103354063{margin-top: 20px !important;margin-right: 10px !important;}\u00bb][vc_column width=\u00bb1\/2&#8243;][vc_single_image image=\u00bb38115&#8243; img_size=\u00bblarge\u00bb css_animation=\u00bbleft-to-right\u00bb css=\u00bb\u00bb][vc_single_image image=\u00bb44635&#8243; img_size=\u00bblarge\u00bb css_animation=\u00bbleft-to-right\u00bb css=\u00bb\u00bb][vc_single_image image=\u00bb44632&#8243; img_size=\u00bblarge\u00bb css_animation=\u00bbleft-to-right\u00bb css=\u00bb\u00bb][\/vc_column][vc_column width=\u00bb1\/2&#8243;][vc_column_text css=\u00bb\u00bb]<\/p>\n<h1><span style=\"color: #d9272e; font-size: 24pt; font-family: Raleway, geneva, sans-serif;\"><strong>MALLORCA CYCLING TOUR<\/strong><\/span><\/h1>\n<p>Es un hecho: Mallorca se ha convertido en la isla del ciclismo. Sus carreteras tranquilas y onduladas son un aut\u00e9ntico para\u00edso: atraviesan olivares, bosques y discurren junto al mar. Los ciclistas pueden disfrutar tanto de una ruta relajada por las llanuras junto al mar como de un exigente recorrido por la monta\u00f1a. La isla es hoy un destino imprescindible para aficionados y equipos profesionales. Y no solo por sus carreteras: su tierra es rica y ofrece frutas, verduras y carnes frescas y de calidad que nos llenar\u00e1n de energ\u00eda para seguir pedaleando. &nbsp;<\/p>\n<p>Generaciones de ciclistas profesionales han preparado sus temporadas en la isla, entrenando en equipo. Brad Wiggins y Jan Ullrich entrenaron en estas carreteras antes de ganar el Tour de Francia, mientras que Mark Cavendish y Erik Zabel recalaron aqu\u00ed antes de conquistar una de las grandes cl\u00e1sicas del ciclismo: la Mil\u00e1n\u2013San Remo. &nbsp;<\/p>\n<p>Durante la semana, recorreremos el interior de la isla, parando en pueblos con siglos de historia para tomar un caf\u00e9 o almorzar, afrontando los puertos m\u00e1s emblem\u00e1ticos y disfrutando de descensos vertiginosos. Cada d\u00eda de y nuestro Mallorca Cycling Tour nos traer\u00e1 nuevas aventuras en las que superarnos, fortalecer el grupo y descubrir la Mallorca m\u00e1s aut\u00e9ntica. <\/p>\n<p>&nbsp;<\/p>\n<h3><span style=\"color: #d9272e;\"><strong>El Tour<\/strong><\/span><\/h3>\n<p>Con la Sierra de Tramuntana como tel\u00f3n de fondo, hemos dise\u00f1ado un recorrido que re\u00fane las rutas m\u00e1s ic\u00f3nicas de la isla y, al mismo tiempo, nos sumerge en su paisaje rural y en la belleza salvaje de su costa.<\/p>\n<p>Empezamos en el norte, cerca de Sa Pobla, una de las principales zonas agr\u00edcolas de Mallorca, donde se extienden interminables campos de patatas y alcachofas. El paisaje, sobre el que se alzan molinos centenarios, est\u00e1 a solo media hora en bicicleta de la costa norte, cerca de Pollen\u00e7a. <\/p>\n<p>Desde este punto, disfrutaremos de tres rutas ideadas para descubrir la diversidad del paisaje mallorqu\u00edn: desde las suaves colinas del coraz\u00f3n de la isla hasta el Monasterio de Cura, por los acantilados del extremo norte en el Faro de Cap Formentor, y entre los vi\u00f1edos de Binissalem y las faldas de la Sierra de Tramuntana.<\/p>\n<p>Una ruta \u00e9pica por el interior monta\u00f1oso de la isla nos llevar\u00e1 hasta la popular Sa Calobra. Desde all\u00ed, continuaremos bordeando los embalses de C\u00faber y Gorg Blau, antes de lanzarnos por el espectacular descenso hacia el Port de S\u00f3ller y el impresionante Hotel Jumeirah, nuestra base durante los tres d\u00edas siguientes. <\/p>\n<p>Desde el Port de S\u00f3ller, el terreno se vuelve a\u00fan m\u00e1s exigente mientras disfrutamos de ruta panor\u00e1mica por los pintorescos pueblos de Dei\u00e0, Valldemossa y el valle de Orient. Para cerrar, un broche de oro, una incre\u00edble carretera de subidas y bajadas con vistas al mar por la costa suroeste.[\/vc_column_text][\/vc_column][\/vc_row][vc_row css=\u00bb.vc_custom_1578067605874{margin-top: 40px !important;margin-bottom: 40px !important;}\u00bb][vc_column][\/vc_column][\/vc_row]<\/p>\n<\/div>","protected":false},"excerpt":{"rendered":"<p>[vc_row][vc_column][rev_slider_vc alias=\u00bbmallorca\u00bb][\/vc_column][\/vc_row][vc_row css=\u00bb.vc_custom_1544101512496{margin-top: 30px !important;}\u00bb][vc_column][\/vc_column][\/vc_row][vc_row css=\u00bb.vc_custom_1544103354063{margin-top: 20px !important;margin-right: 10px !important;}\u00bb][vc_column width=\u00bb1\/2&#8243;][vc_single_image image=\u00bb38115&#8243; img_size=\u00bblarge\u00bb css_animation=\u00bbleft-to-right\u00bb css=\u00bb\u00bb][vc_single_image image=\u00bb44635&#8243; img_size=\u00bblarge\u00bb css_animation=\u00bbleft-to-right\u00bb css=\u00bb\u00bb][vc_single_image image=\u00bb44632&#8243; img_size=\u00bblarge\u00bb css_animation=\u00bbleft-to-right\u00bb css=\u00bb\u00bb][\/vc_column][vc_column width=\u00bb1\/2&#8243;][vc_column_text css=\u00bb\u00bb] MALLORCA CYCLING TOUR Es un hecho: Mallorca se ha convertido en la isla del ciclismo. Sus carreteras tranquilas y onduladas son un aut\u00e9ntico para\u00edso: atraviesan olivares, bosques y discurren junto [&hellip;]<\/p>\n","protected":false},"author":1,"featured_media":0,"parent":0,"menu_order":0,"comment_status":"closed","ping_status":"closed","template":"","meta":{"ngg_post_thumbnail":0,"footnotes":""},"class_list":["post-44645","page","type-page","status-publish","hentry"],"yoast_head":"<!-- This site is optimized with the Yoast SEO Premium plugin v27.2 (Yoast SEO v27.2) - https:\/\/yoast.com\/product\/yoast-seo-premium-wordpress\/ -->\n<title>Mallorca Cycling Tour | Rutas \u00e9picas y paisajes espectaculares<\/title>\n<meta name=\"description\" content=\"Descubre Mallorca en bicicleta \u2014 disfruta de la sierra de Tramuntana, carreteras costeras y pueblos con encanto en un tour inolvidable.\" \/>\n<meta name=\"robots\" content=\"index, follow, max-snippet:-1, max-image-preview:large, max-video-preview:-1\" \/>\n<link rel=\"canonical\" href=\"https:\/\/bikecat.com\/es\/mallorca-cycling-tour\" \/>\n<meta property=\"og:locale\" content=\"es_ES\" \/>\n<meta property=\"og:type\" content=\"article\" \/>\n<meta property=\"og:title\" content=\"Mallorca Cycling Tour\" \/>\n<meta property=\"og:description\" content=\"MALLORCA CYCLING TOUR Es un hecho: Mallorca se ha convertido en la isla del ciclismo. Sus carreteras tranquilas y onduladas son un aut\u00e9ntico para\u00edso:\" \/>\n<meta property=\"og:url\" content=\"https:\/\/bikecat.com\/es\/mallorca-cycling-tour\" \/>\n<meta property=\"og:site_name\" content=\"Bikecat\" \/>\n<meta property=\"article:publisher\" content=\"https:\/\/www.facebook.com\/Bikecat.TOURS\/\" \/>\n<meta property=\"article:modified_time\" content=\"2025-11-11T13:41:19+00:00\" \/>\n<meta property=\"og:image\" content=\"https:\/\/bikecat.com\/wp-content\/uploads\/2020\/01\/Bikecat-Girona.jpg\" \/>\n<meta name=\"twitter:card\" content=\"summary_large_image\" \/>\n<meta name=\"twitter:site\" content=\"@bikecatgirona\" \/>\n<meta name=\"twitter:label1\" content=\"Tiempo de lectura\" \/>\n\t<meta name=\"twitter:data1\" content=\"3 minutos\" \/>\n<script type=\"application\/ld+json\" class=\"yoast-schema-graph\">{\"@context\":\"https:\/\/schema.org\",\"@graph\":[{\"@type\":\"WebPage\",\"@id\":\"https:\/\/bikecat.com\/es\/mallorca-cycling-tour\",\"url\":\"https:\/\/bikecat.com\/es\/mallorca-cycling-tour\",\"name\":\"Mallorca Cycling Tour | Rutas \u00e9picas y paisajes espectaculares\",\"isPartOf\":{\"@id\":\"https:\/\/bikecat.com\/#website\"},\"datePublished\":\"2025-01-24T09:25:07+00:00\",\"dateModified\":\"2025-11-11T13:41:19+00:00\",\"description\":\"Descubre Mallorca en bicicleta \u2014 disfruta de la sierra de Tramuntana, carreteras costeras y pueblos con encanto en un tour inolvidable.\",\"breadcrumb\":{\"@id\":\"https:\/\/bikecat.com\/es\/mallorca-cycling-tour#breadcrumb\"},\"inLanguage\":\"es\",\"potentialAction\":[{\"@type\":\"ReadAction\",\"target\":[\"https:\/\/bikecat.com\/es\/mallorca-cycling-tour\"]}]},{\"@type\":\"BreadcrumbList\",\"@id\":\"https:\/\/bikecat.com\/es\/mallorca-cycling-tour#breadcrumb\",\"itemListElement\":[{\"@type\":\"ListItem\",\"position\":1,\"name\":\"Portada\",\"item\":\"https:\/\/bikecat.com\/es\"},{\"@type\":\"ListItem\",\"position\":2,\"name\":\"Mallorca Cycling Tour\"}]},{\"@type\":\"WebSite\",\"@id\":\"https:\/\/bikecat.com\/#website\",\"url\":\"https:\/\/bikecat.com\/\",\"name\":\"Bikecat\",\"description\":\"Bikecat Custom Cycling Tours  - Unique and Exclusive Custom Cycling Tours\",\"publisher\":{\"@id\":\"https:\/\/bikecat.com\/#organization\"},\"potentialAction\":[{\"@type\":\"SearchAction\",\"target\":{\"@type\":\"EntryPoint\",\"urlTemplate\":\"https:\/\/bikecat.com\/?s={search_term_string}\"},\"query-input\":{\"@type\":\"PropertyValueSpecification\",\"valueRequired\":true,\"valueName\":\"search_term_string\"}}],\"inLanguage\":\"es\"},{\"@type\":\"Organization\",\"@id\":\"https:\/\/bikecat.com\/#organization\",\"name\":\"Bikecat Cycling Tours\",\"url\":\"https:\/\/bikecat.com\/\",\"logo\":{\"@type\":\"ImageObject\",\"inLanguage\":\"es\",\"@id\":\"https:\/\/bikecat.com\/#\/schema\/logo\/image\/\",\"url\":\"https:\/\/bikecat.com\/wp-content\/uploads\/2018\/11\/headerlogo-1.png\",\"contentUrl\":\"https:\/\/bikecat.com\/wp-content\/uploads\/2018\/11\/headerlogo-1.png\",\"width\":130,\"height\":55,\"caption\":\"Bikecat Cycling Tours\"},\"image\":{\"@id\":\"https:\/\/bikecat.com\/#\/schema\/logo\/image\/\"},\"sameAs\":[\"https:\/\/www.facebook.com\/Bikecat.TOURS\/\",\"https:\/\/x.com\/bikecatgirona\",\"https:\/\/www.instagram.com\/bikecat_cycling_tours\/\"]}]}<\/script>\n<!-- \/ Yoast SEO Premium plugin. -->","yoast_head_json":{"title":"Mallorca Cycling Tour | Rutas \u00e9picas y paisajes espectaculares","description":"Descubre Mallorca en bicicleta \u2014 disfruta de la sierra de Tramuntana, carreteras costeras y pueblos con encanto en un tour inolvidable.","robots":{"index":"index","follow":"follow","max-snippet":"max-snippet:-1","max-image-preview":"max-image-preview:large","max-video-preview":"max-video-preview:-1"},"canonical":"https:\/\/bikecat.com\/es\/mallorca-cycling-tour","og_locale":"es_ES","og_type":"article","og_title":"Mallorca Cycling Tour","og_description":"MALLORCA CYCLING TOUR Es un hecho: Mallorca se ha convertido en la isla del ciclismo. Sus carreteras tranquilas y onduladas son un aut\u00e9ntico para\u00edso:","og_url":"https:\/\/bikecat.com\/es\/mallorca-cycling-tour","og_site_name":"Bikecat","article_publisher":"https:\/\/www.facebook.com\/Bikecat.TOURS\/","article_modified_time":"2025-11-11T13:41:19+00:00","og_image":[{"url":"https:\/\/bikecat.com\/wp-content\/uploads\/2020\/01\/Bikecat-Girona.jpg","type":"","width":"","height":""}],"twitter_card":"summary_large_image","twitter_site":"@bikecatgirona","twitter_misc":{"Tiempo de lectura":"3 minutos"},"schema":{"@context":"https:\/\/schema.org","@graph":[{"@type":"WebPage","@id":"https:\/\/bikecat.com\/es\/mallorca-cycling-tour","url":"https:\/\/bikecat.com\/es\/mallorca-cycling-tour","name":"Mallorca Cycling Tour | Rutas \u00e9picas y paisajes espectaculares","isPartOf":{"@id":"https:\/\/bikecat.com\/#website"},"datePublished":"2025-01-24T09:25:07+00:00","dateModified":"2025-11-11T13:41:19+00:00","description":"Descubre Mallorca en bicicleta \u2014 disfruta de la sierra de Tramuntana, carreteras costeras y pueblos con encanto en un tour inolvidable.","breadcrumb":{"@id":"https:\/\/bikecat.com\/es\/mallorca-cycling-tour#breadcrumb"},"inLanguage":"es","potentialAction":[{"@type":"ReadAction","target":["https:\/\/bikecat.com\/es\/mallorca-cycling-tour"]}]},{"@type":"BreadcrumbList","@id":"https:\/\/bikecat.com\/es\/mallorca-cycling-tour#breadcrumb","itemListElement":[{"@type":"ListItem","position":1,"name":"Portada","item":"https:\/\/bikecat.com\/es"},{"@type":"ListItem","position":2,"name":"Mallorca Cycling Tour"}]},{"@type":"WebSite","@id":"https:\/\/bikecat.com\/#website","url":"https:\/\/bikecat.com\/","name":"Bikecat","description":"Bikecat Custom Cycling Tours  - Unique and Exclusive Custom Cycling Tours","publisher":{"@id":"https:\/\/bikecat.com\/#organization"},"potentialAction":[{"@type":"SearchAction","target":{"@type":"EntryPoint","urlTemplate":"https:\/\/bikecat.com\/?s={search_term_string}"},"query-input":{"@type":"PropertyValueSpecification","valueRequired":true,"valueName":"search_term_string"}}],"inLanguage":"es"},{"@type":"Organization","@id":"https:\/\/bikecat.com\/#organization","name":"Bikecat Cycling Tours","url":"https:\/\/bikecat.com\/","logo":{"@type":"ImageObject","inLanguage":"es","@id":"https:\/\/bikecat.com\/#\/schema\/logo\/image\/","url":"https:\/\/bikecat.com\/wp-content\/uploads\/2018\/11\/headerlogo-1.png","contentUrl":"https:\/\/bikecat.com\/wp-content\/uploads\/2018\/11\/headerlogo-1.png","width":130,"height":55,"caption":"Bikecat Cycling Tours"},"image":{"@id":"https:\/\/bikecat.com\/#\/schema\/logo\/image\/"},"sameAs":["https:\/\/www.facebook.com\/Bikecat.TOURS\/","https:\/\/x.com\/bikecatgirona","https:\/\/www.instagram.com\/bikecat_cycling_tours\/"]}]}},"_links":{"self":[{"href":"https:\/\/bikecat.com\/es\/wp-json\/wp\/v2\/pages\/44645","targetHints":{"allow":["GET"]}}],"collection":[{"href":"https:\/\/bikecat.com\/es\/wp-json\/wp\/v2\/pages"}],"about":[{"href":"https:\/\/bikecat.com\/es\/wp-json\/wp\/v2\/types\/page"}],"author":[{"embeddable":true,"href":"https:\/\/bikecat.com\/es\/wp-json\/wp\/v2\/users\/1"}],"replies":[{"embeddable":true,"href":"https:\/\/bikecat.com\/es\/wp-json\/wp\/v2\/comments?post=44645"}],"version-history":[{"count":7,"href":"https:\/\/bikecat.com\/es\/wp-json\/wp\/v2\/pages\/44645\/revisions"}],"predecessor-version":[{"id":44656,"href":"https:\/\/bikecat.com\/es\/wp-json\/wp\/v2\/pages\/44645\/revisions\/44656"}],"wp:attachment":[{"href":"https:\/\/bikecat.com\/es\/wp-json\/wp\/v2\/media?parent=44645"}],"curies":[{"name":"wp","href":"https:\/\/api.w.org\/{rel}","templated":true}]}}

<div class="wpb-content-wrapper"><p>[vc_row][vc_column][rev_slider_vc alias=»mallorca»][/vc_column][/vc_row][vc_row css=».vc_custom_1544101512496{margin-top: 30px !important;}»][vc_column][/vc_column][/vc_row][vc_row css=».vc_custom_1544103354063{margin-top: 20px !important;margin-right: 10px !important;}»][vc_column width=»1/2&#8243;][vc_single_image image=»38115&#8243; img_size=»large» css_animation=»left-to-right» css=»»][vc_single_image image=»44635&#8243; img_size=»large» css_animation=»left-to-right» css=»»][vc_single_image image=»44632&#8243; img_size=»large» css_animation=»left-to-right» css=»»][/vc_column][vc_column width=»1/2&#8243;][vc_column_text css=»»]</p>
<h1><span style="color: #d9272e; font-size: 24pt; font-family: Raleway, geneva, sans-serif;"><strong>MALLORCA CYCLING TOUR</strong></span></h1>
<p>Es un hecho: Mallorca se ha convertido en la isla del ciclismo. Sus carreteras tranquilas y onduladas son un auténtico paraíso: atraviesan olivares, bosques y discurren junto al mar. Los ciclistas pueden disfrutar tanto de una ruta relajada por las llanuras junto al mar como de un exigente recorrido por la montaña. La isla es hoy un destino imprescindible para aficionados y equipos profesionales. Y no solo por sus carreteras: su tierra es rica y ofrece frutas, verduras y carnes frescas y de calidad que nos llenarán de energía para seguir pedaleando. &nbsp;</p>
<p>Generaciones de ciclistas profesionales han preparado sus temporadas en la isla, entrenando en equipo. Brad Wiggins y Jan Ullrich entrenaron en estas carreteras antes de ganar el Tour de Francia, mientras que Mark Cavendish y Erik Zabel recalaron aquí antes de conquistar una de las grandes clásicas del ciclismo: la Milán–San Remo. &nbsp;</p>
<p>Durante la semana, recorreremos el interior de la isla, parando en pueblos con siglos de historia para tomar un café o almorzar, afrontando los puertos más emblemáticos y disfrutando de descensos vertiginosos. Cada día de y nuestro Mallorca Cycling Tour nos traerá nuevas aventuras en las que superarnos, fortalecer el grupo y descubrir la Mallorca más auténtica. </p>
<p>&nbsp;</p>
<h3><span style="color: #d9272e;"><strong>El Tour</strong></span></h3>
<p>Con la Sierra de Tramuntana como telón de fondo, hemos diseñado un recorrido que reúne las rutas más icónicas de la isla y, al mismo tiempo, nos sumerge en su paisaje rural y en la belleza salvaje de su costa.</p>
<p>Empezamos en el norte, cerca de Sa Pobla, una de las principales zonas agrícolas de Mallorca, donde se extienden interminables campos de patatas y alcachofas. El paisaje, sobre el que se alzan molinos centenarios, está a solo media hora en bicicleta de la costa norte, cerca de Pollença. </p>
<p>Desde este punto, disfrutaremos de tres rutas ideadas para descubrir la diversidad del paisaje mallorquín: desde las suaves colinas del corazón de la isla hasta el Monasterio de Cura, por los acantilados del extremo norte en el Faro de Cap Formentor, y entre los viñedos de Binissalem y las faldas de la Sierra de Tramuntana.</p>
<p>Una ruta épica por el interior montañoso de la isla nos llevará hasta la popular Sa Calobra. Desde allí, continuaremos bordeando los embalses de Cúber y Gorg Blau, antes de lanzarnos por el espectacular descenso hacia el Port de Sóller y el impresionante Hotel Jumeirah, nuestra base durante los tres días siguientes. </p>
<p>Desde el Port de Sóller, el terreno se vuelve aún más exigente mientras disfrutamos de ruta panorámica por los pintorescos pueblos de Deià, Valldemossa y el valle de Orient. Para cerrar, un broche de oro, una increíble carretera de subidas y bajadas con vistas al mar por la costa suroeste.[/vc_column_text][/vc_column][/vc_row][vc_row css=».vc_custom_1578067605874{margin-top: 40px !important;margin-bottom: 40px !important;}»][vc_column][/vc_column][/vc_row]</p>
</div>

<p>[vc_row][vc_column][rev_slider_vc alias=»mallorca»][/vc_column][/vc_row][vc_row css=».vc_custom_1544101512496{margin-top: 30px !important;}»][vc_column][/vc_column][/vc_row][vc_row css=».vc_custom_1544103354063{margin-top: 20px !important;margin-right: 10px !important;}»][vc_column width=»1/2&#8243;][vc_single_image image=»38115&#8243; img_size=»large» css_animation=»left-to-right» css=»»][vc_single_image image=»44635&#8243; img_size=»large» css_animation=»left-to-right» css=»»][vc_single_image image=»44632&#8243; img_size=»large» css_animation=»left-to-right» css=»»][/vc_column][vc_column width=»1/2&#8243;][vc_column_text css=»»] MALLORCA CYCLING TOUR Es un hecho: Mallorca se ha convertido en la isla del ciclismo. Sus carreteras tranquilas y onduladas son un auténtico paraíso: atraviesan olivares, bosques y discurren junto [&hellip;]</p>

<!-- This site is optimized with the Yoast SEO Premium plugin v27.2 (Yoast SEO v27.2) - https://yoast.com/product/yoast-seo-premium-wordpress/ -->
<title>Mallorca Cycling Tour | Rutas épicas y paisajes espectaculares</title>
<meta name="description" content="Descubre Mallorca en bicicleta — disfruta de la sierra de Tramuntana, carreteras costeras y pueblos con encanto en un tour inolvidable." />
<meta name="robots" content="index, follow, max-snippet:-1, max-image-preview:large, max-video-preview:-1" />
<link rel="canonical" href="https://bikecat.com/es/mallorca-cycling-tour" />
<meta property="og:locale" content="es_ES" />
<meta property="og:type" content="article" />
<meta property="og:title" content="Mallorca Cycling Tour" />
<meta property="og:description" content="MALLORCA CYCLING TOUR Es un hecho: Mallorca se ha convertido en la isla del ciclismo. Sus carreteras tranquilas y onduladas son un auténtico paraíso:" />
<meta property="og:url" content="https://bikecat.com/es/mallorca-cycling-tour" />
<meta property="og:site_name" content="Bikecat" />
<meta property="article:publisher" content="https://www.facebook.com/Bikecat.TOURS/" />
<meta property="article:modified_time" content="2025-11-11T13:41:19+00:00" />
<meta property="og:image" content="https://bikecat.com/wp-content/uploads/2020/01/Bikecat-Girona.jpg" />
<meta name="twitter:card" content="summary_large_image" />
<meta name="twitter:site" content="@bikecatgirona" />
<meta name="twitter:label1" content="Tiempo de lectura" />
	<meta name="twitter:data1" content="3 minutos" />
<script type="application/ld+json" class="yoast-schema-graph">{"@context":"https://schema.org","@graph":[{"@type":"WebPage","@id":"https://bikecat.com/es/mallorca-cycling-tour","url":"https://bikecat.com/es/mallorca-cycling-tour","name":"Mallorca Cycling Tour | Rutas épicas y paisajes espectaculares","isPartOf":{"@id":"https://bikecat.com/#website"},"datePublished":"2025-01-24T09:25:07+00:00","dateModified":"2025-11-11T13:41:19+00:00","description":"Descubre Mallorca en bicicleta — disfruta de la sierra de Tramuntana, carreteras costeras y pueblos con encanto en un tour inolvidable.","breadcrumb":{"@id":"https://bikecat.com/es/mallorca-cycling-tour#breadcrumb"},"inLanguage":"es","potentialAction":[{"@type":"ReadAction","target":["https://bikecat.com/es/mallorca-cycling-tour"]}]},{"@type":"BreadcrumbList","@id":"https://bikecat.com/es/mallorca-cycling-tour#breadcrumb","itemListElement":[{"@type":"ListItem","position":1,"name":"Portada","item":"https://bikecat.com/es"},{"@type":"ListItem","position":2,"name":"Mallorca Cycling Tour"}]},{"@type":"WebSite","@id":"https://bikecat.com/#website","url":"https://bikecat.com/","name":"Bikecat","description":"Bikecat Custom Cycling Tours  - Unique and Exclusive Custom Cycling Tours","publisher":{"@id":"https://bikecat.com/#organization"},"potentialAction":[{"@type":"SearchAction","target":{"@type":"EntryPoint","urlTemplate":"https://bikecat.com/?s={search_term_string}"},"query-input":{"@type":"PropertyValueSpecification","valueRequired":true,"valueName":"search_term_string"}}],"inLanguage":"es"},{"@type":"Organization","@id":"https://bikecat.com/#organization","name":"Bikecat Cycling Tours","url":"https://bikecat.com/","logo":{"@type":"ImageObject","inLanguage":"es","@id":"https://bikecat.com/#/schema/logo/image/","url":"https://bikecat.com/wp-content/uploads/2018/11/headerlogo-1.png","contentUrl":"https://bikecat.com/wp-content/uploads/2018/11/headerlogo-1.png","width":130,"height":55,"caption":"Bikecat Cycling Tours"},"image":{"@id":"https://bikecat.com/#/schema/logo/image/"},"sameAs":["https://www.facebook.com/Bikecat.TOURS/","https://x.com/bikecatgirona","https://www.instagram.com/bikecat_cycling_tours/"]}]}</script>
<!-- / Yoast SEO Premium plugin. -->

Mallorca Cycling Tour | Rutas épicas y paisajes espectaculares

MALLORCA CYCLING TOUR Es un hecho: Mallorca se ha convertido en la isla del ciclismo. Sus carreteras tranquilas y onduladas son un auténtico paraíso:
